hat is 3010215 - 0?
3010215
In base 12, what is 166 + -12?
154
In base 16, what is 2 + -10d8?
-10d6
In base 2, what is -100011001101 - 1101?
-100011011010
In base 15, what is -958b0 - -3?
-958ac
In base 6, what is 3 + -3341305?
-3341302
In base 11, what is 43835 - -58?
43892
In base 3, what is 0 + -200112212?
-200112212
In base 5, what is -11040 - 103?
-11143
In base 10, what is 3 - 8611?
-8608
In base 6, what is -305213 - 134?
-305351
In base 14, what is -47b + 37?
-444
In base 11, what is 38 + 1838?
1875
In base 4, what is -11321013 + -11?
-11321030
In base 2, what is -11110110010110 - 100100?
-11110110111010
In base 15, what is -44852 + 0?
-44852
In base 15, what is 2 + -50d6?
-50d4
In base 13, what is -6ca - 71?
-76b
In base 6, what is -3052 - 254?
-3350
In base 15, what is -b + 1834?
1828
In base 7, what is 20 - -2612?
2632
In base 7, what is 111204 + 3?
111210
In base 5, what is -24302 + -12?
-24314
In base 5, what is 0 + -110000411?
-110000411
In base 8, what is -13030 + 45?
-12763
In base 15, what is -4 - -18417?
18413
In base 8, what is -1414 - -360?
-1034
In base 7, what is -1013 + -323?
-1336
In base 3, what is 2022012 - 202?
2021110
In base 8, what is 4 + -12773?
-12767
In base 5, what is -11331401 + -1?
-11331402
In base 5, what is -41421 - 311?
-42232
In base 8, what is 1060317 + -2?
1060315
In base 6, what is 1 + -12331?
-12330
In base 15, what is -d5dd2 - a?
-d5ddc
In base 2, what is 1101001101 - -111010011000?
1000111100101
In base 8, what is 50213 + 3?
50216
In base 15, what is 22c + 3294?
34c1
In base 3, what is -22101 - -1211022?
1111221
In base 5, what is -123 - 43420?
-44043
In base 10, what is 0 + 201006?
201006
In base 14, what is -6c8 - 84?
-76c
In base 15, what is 2ac - 30?
27c
In base 8, what is 760 - -6565?
7545
In base 5, what is 12 + 30322112?
30322124
In base 14, what is 8c37 - -31?
8c68
In base 11, what is -152 + -a24?
-1076
In base 11, what is 125 - -5?
12a
In base 10, what is 3 - 190000?
-189997
In base 9, what is 281 + 1035?
1326
In base 15, what is -ec0e8 - -8?
-ec0e0
In base 16, what is 4 - -6a76?
6a7a
In base 2, what is 1111010 - 110101110?
-100110100
In base 16, what is -70bd + 4?
-70b9
In base 6, what is -50354 - 202?
-51000
In base 4, what is -10030 + -30?
-10120
In base 10, what is 100 - -98?
198
In base 14, what is -465 + 2b?
-438
In base 3, what is 1002112221 - 0?
1002112221
In base 13, what is 145 - 2446?
-2301
In base 16, what is 2 - -1e01?
1e03
In base 6, what is 201042 - 101?
200541
In base 10, what is 0 - -62970?
62970
In base 15, what is 3031 - a?
3026
In base 13, what is 92 - 3667?
-35a5
In base 15, what is 12 - -3e?
51
In base 2, what is -10001100101100 + 110110?
-10001011110110
In base 3, what is 21122 - -110012120?
110111012
In base 2, what is 10011011111 - 0?
10011011111
In base 3, what is -2102112121 - -12?
-2102112102
In base 7, what is 101 - -22?
123
In base 11, what is a9 + 535?
633
In base 6, what is -125211052 + 0?
-125211052
In base 6, what is 4 + -113432?
-113424
In base 3, what is -20122 + -102100?
-122222
In base 13, what is 73 + -aa7?
-a34
In base 3, what is 100212200 - 12?
100212111
In base 16, what is 3 + 1085c?
1085f
In base 9, what is 21 - -1503?
1524
In base 14, what is -51cca + 1?
-51cc9
In base 5, what is 10243 - 303310?
-243012
In base 9, what is 144 + 47404?
47548
In base 15, what is da + 124?
20e
In base 11, what is -1082 - 109?
-1190
In base 14, what is 101a + 15?
1031
In base 6, what is -4 + 45452?
45444
In base 12, what is -9 - -1b67?
1b5a
In base 15, what is e5 + 1564?
1659
In base 8, what is 3 - -7510?
7513
In base 16, what is 4 + -8bde?
-8bda
In base 5, what is -3 - 123244?
-123302
In base 10, what is -143729 - -4?
-143725
In base 14, what is 5991 - 23?
596c
In base 12, what is -4 - -a28?
a24
In base 12, what is 99 - 26?
73
In base 13, what is -6b7 - 196?
-880
In base 4, what is -20 - -1102333212?
1102333132
In base 12, what is -38306 - -3?
-38303
In base 4, what is 22021132 + -3?
22021123
In base 15, what is -140715 + 3?
-140712
In base 6, what is -12344203 - 2?
-12344205
In base 3, what is 0 + -112211120?
-112211120
In base 13, what is 42b - -11a?
548
In base 7, what is -11 - -560315?
560304
In base 13, what is -228 - a59?
-c84
In base 8, what is -73051 - 2?
-73053
In base 9, what is 4 + 202812?
202816
In base 12, what is 71 - -2a31?
2aa2
In base 12, what is -716105 - -2?
-716103
In base 16, what is -c - -13ee?
13e2
In base 3, what is -10102111201 + 10?
-10102111121
In base 9, what is -353 - -186?
-156
In base 12, what is -4673 + -1?
-4674
In base 16, what is -3bc54b + 1?
-3bc54a
In base 14, what is 260 + 1095?
1315
In base 4, what is -132230 + -32?
-132322
In base 15, what is -4 + 3931?
392c
In base 7, what is -52 - 23063?
-23145
In base 6, what is -10 + -44443?
-44453
In base 16, what is -1ea - 395?
-57f
In base 3, what is -122220001 - -11?
-122212220
In base 11, what is -24 - -a6a?
a46
In base 2, what is 1011 - -10001011010101?
10001011100000
In base 16, what is 10af93 - -1?
10af94
In base 3, what is 10 - -11111122?
11111202
In base 13, what is -c0 - 6898?
-6988
In base 15, what is -6e7 - -b?
-6db
In base 3, what is 1002011 + 110020?
1112101
In base 6, what is 10325 - 144?
10141
In base 11, what is -2300 - -32?
-2279
In base 3, what is -11 + -212121?
-212202
In base 14, what is -8 + -46185?
-4618d
In base 5, what is -4222 + 31111?
21334
In base 7, what is 550 - -1401?
2251
In base 6, what is -123 + 3332?
3205
In base 11, what is -a + 358?
349
In base 16, what is 8bfc - -3?
8bff
In base 8, what is 6373 - -2?
6375
In base 7, what is -131 - -226?
65
In base 6, what is -43 - 2423?
-2510
In base 6, what is -1502 + 354?
-1104
In base 2, what is -110010100001000000 - 1000?
-110010100001001000
In base 11, what is -13a3 + 7?
-1397
In base 16, what is -24 + -57c?
-5a0
In base 2, what is -1 + 1110110110100110001?
1110110110100110000
In base 9, what is 788 - -424?
1323
In base 7, what is 0 - 403263?
-403263
In base 10, what is 2 - 6577?
-6575
In base 14, what is -31b - 686?
-9a3
In base 7, what is -5 + -221136?
-221144
In base 7, what is 111162500 - -1?
111162501
In base 9, what is -227 + 58?
-158
In base 7, what is -3 + -5204?
-5210
In base 3, what is -1002211 - 101222?
-1111210
In base 10, what is -182 - 3454?
-3636
In base 10, what is -13 + 1393?
1380
In base 6, what is -22 - -150445?
150423
In base 7, what is -134 - 26666?
-30133
In base 15, what is -4069 - 5?
-406e
In base 16, what is -5 - -791f?
791a
In base 8, what is -3 - 212045?
-212050
In base 6, what is 251 + -4345?
-4054
In base 10, what is -2572 + 188?
-2384
In base 6, what is 12432 + -23?
12405
In base 10, what is -5528 - 96?
-5624
In base 11, what is 0 + -601692?
-601692
In base 6, what is -5103005 + 5?
-5103000
In base 10, what is -40 - -639?
599
In base 16, what is 4ba + 2?
4bc
In base 2, what is -110101011100111 + 10?
-110101011100101
In base 3, what is 1021220111 - 12?
1021220022
In base 8, what is 6421 + 36?
6457
In base 14, what is -2 + -a4b9b?
-a4b9d
In base 15, what is 3c6b - 2a?
3c41
In base 2, what is 110010100010111001 - 0?
110010100010111001
In base 6, what is -3404 - -1220?
-2144
In base 12, what is -1325452 + 4?
-132544a
In base 14, what is 1625 + -8?
161b
In base 6, what is -4321 - -255?
-4022
In base 11, what is -96 + 353?
268
In base 15, what is 7b + -24?
57
In base 15, what is 6 + 7de8?
7dee
In base 5, what is 10 - -223443?
224003
In base 2, what is -1101001 - 100101111101?
-100111100110
In base 11, what is -148 - -6011?
5974
In base 4, what is -13133 + -1100?
-20233
In base 5, what is 2414 - 420?
1444
In base 5, what is -212402132 - -10?
-212402122
In base 2, what is 1001101101100 - 1001?
1001101100011
In base 13, what is -3074a - -5?
-30745
In base 16, what is -1877 - 16?
-188d
In base 6, what is 2 + 520543?
520545
In base 10, what is 709 + 44?
753
In base 12, what is 14 - 3a654?
-3a640
In base 3, what is -11022122 + 220?
-11021202
In base 9, what is 60260 + 2?
60262
In base 12, what is -402b - a?
-4039
In base 3, what is 1210111 - 2110?
1201001
In base 14, what is 1 - 3a12?
-3a11
In base 5, what is -34 + -100322?
-100411
In base 13, what is -1 - -14668?
14667
In base 7, what is -5 + 1333264?
1333256
In base 3, what is -1210 - 1020201011?
-1020202221
In base 3, what is -21 - -1100